
Let y = -31 - -32. Let a be (3 + -3)*1/y. Suppose 0 = -a*k + 3*k - 24. What are the prime factors of k?
2
Suppose 5*y - 24*y = -44707. What are the prime factors of y?
13, 181
Suppose -3*w + 32 = 5*l - 51, 0 = 2*w - 3*l - 30. Let f be w/35 - (-44)/10. List the prime factors of 138/f - 8/(-20).
2, 7
Let m = 114 - 79. Let z = m + -28. Suppose 2*n - z*n + 3*h + 182 = 0, -5*h + 79 = 2*n. What are the prime factors of n?
37
What are the prime factors of (721 - 0) + 18/(-6)?
2, 359
Let u = -60 + 169. What are the prime factors of u?
109
Let u = 13 + 183. List the prime factors of u.
2, 7
Let j be (1/2)/(28/(-16) - -2). Suppose -c - j*c = -321. List the prime factors of c.
107
Let y = -279 - -690. What are the prime factors of y?
3, 137
Let o(l) = 5*l**2 - 1. Let c be o(1). Let z(b) = c - 2*b + 0*b + 0*b - 4*b. What are the prime factors of z(-3)?
2, 11
Let p(h) = 8*h**3 + 5*h**2 + 6. Let k(q) = 8*q**3 + 4*q**2 - q + 4. Let d(f) = -4*k(f) + 3*p(f). List the prime factors of d(-2).
2, 3
What are the prime factors of (-52 + -5)/(6/(-40))?
2, 5, 19
Suppose -6*z + 4*z + 541 = m, -5*z - 2216 = -4*m. List the prime factors of m.
3, 61
Let o be ((-2)/(-3))/(7/294). Let q = o - 27. List the prime factors of 47 - (q + (-2 - -4)).
2, 11
Suppose -153*o + 157*o = 148. Let x(t) = t**3 - 4*t**2 + 4*t - 3. Let w be x(3). Suppose w = 5*g - 10, -23 = -2*h + 5*g + o. List the prime factors of h.
5, 7
Suppose -19*q + 31342 + 16728 = 0. List the prime factors of q.
2, 5, 11, 23
Let v(m) be the first derivative of -m**4/4 + 7*m**3/3 + 2*m + 7. Let x be v(7). Suppose -12 = -x*t + 10. List the prime factors of t.
11
Let p(w) = -4*w**2 + 34*w - 2. Let j = -11 + 16. What are the prime factors of p(j)?
2, 17
Let s be -1*1*15/3*-6. Suppose 2*n + 5*b = s, -5*b = -4*b - 2. List the prime factors of n.
2, 5
Let s be 1 - 67*(-2 - -1). Suppose -5*j = -2*f + s, 2*j - 89 = -3*f + 3*j. Suppose p - b = -0*p + f, -5*p + 113 = 3*b. What are the prime factors of p?
5
Suppose 11 = 5*t + 1, -4*i = -2*t - 3120. List the prime factors of i.
11, 71
Suppose 14 = -5*w - 3*z + 39, 2*w = -2*z + 14. Let y(d) = 296*d - 1. Let k be y(w). List the prime factors of k/15 + (-10)/25.
3, 13
Let f(j) = j**3 + 11*j**2 + 9*j - 5. Let u(o) = o**3 + 12*o**2 + 10*o - 5. Let s(d) = 3*f(d) - 2*u(d). What are the prime factors of s(-6)?
61
Let d = -2806 - -2871. What are the prime factors of d?
5, 13
List the prime factors of ((-201)/(-5))/(23/115).
3, 67
List the prime factors of (4/5)/((-7)/(-455) + 0).
2, 13
Let c(d) be the first derivative of 10/3*d**3 + 1/2*d**2 - 1/4*d**4 + 3 - 5*d. What are the prime factors of c(10)?
5
Suppose -4*v - 3*l = -1177, 4*v = -l - 0*l + 1187. List the prime factors of v/3 - 4/12.
3, 11
Let m = 2 + -8. Let d = 6 + m. Suppose -3*y - 3*a = -0*a - 84, d = 4*y - 4*a - 96. List the prime factors of y.
2, 13
Suppose -40*n + 31*n = -14463. What are the prime factors of n?
1607
Suppose t + 6 = -t - 5*m, 0 = 3*t + 3*m. Let o(a) = -a**3 + 0*a - 5*a**t + 5*a + 3 - 3*a + a. List the prime factors of o(-6).
3, 7
Let b be 344/28*-1 - (-10)/35. Suppose 0 = 5*u - 70 + 820. What are the prime factors of u/4*b/18?
5
Suppose -5*h - o = -5*o + 20, 5*h = -2*o + 10. Suppose -3*x - 3*m + 78 = -6*m, h = -5*x - 3*m + 154. Suppose 32*b = x*b + 63. What are the prime factors of b?
3, 7
Suppose 0 = 3*q - 4*f - 1199, -5*f - 1 + 6 = 0. List the prime factors of q.
401
Let f(r) = 7*r**2 - 18*r - 27. List the prime factors of f(-7).
2, 13, 17
Let t(k) = -k**2 + k + 3. Let u be t(0). Suppose i - 8 = -2*v + v, -u*v - i = -30. List the prime factors of (-1 + -1 - -3)*v.
11
Let f = 6119 + -3123. What are the prime factors of f?
2, 7, 107
Let h(d) = d**3 + 4*d**2 - 6*d - 2. Let a be h(-5). Let v be (-4)/12 - (-52)/12. Suppose -a*q + p = -v*q + 5, -4*p + 10 = 2*q. List the prime factors of q.
5
Suppose -f + 6*f - 4*h = -1254, -3*f = 4*h + 778. Let a = f + 436. Suppose 4*j + j - 186 = 4*i, -5*j = -3*i - a. What are the prime factors of j?
2, 17
Let o(z) = -9*z - 87. List the prime factors of o(-13).
2, 3, 5
Let w(r) = -46*r + 47. List the prime factors of w(-25).
3, 7, 19
Let y = -11 + 13. Suppose 1 = -0*q + 3*q + 4*r, 4*q - 38 = y*r. List the prime factors of 19/q - 18/(-63).
3
Let k(j) = -70*j + 100. What are the prime factors of k(-18)?
2, 5, 17
Let t = 34 - 25. Let g = 22 - t. List the prime factors of g.
13
Let v = 75 - 49. Suppose 0 = 2*r - 90 + v. What are the prime factors of r?
2
Let o be 2714/18 - (-2)/9. Let k = -88 + o. Let z = -37 + k. What are the prime factors of z?
2, 13
List the prime factors of -3*(-4496)/24 + -4.
2, 3, 31
Let m = -54 - -52. What are the prime factors of -178*m/12*3?
89
Suppose 0 = -21*b + 17*b + 4*d + 6676, -5*b = -d - 8357. List the prime factors of b.
2, 11, 19
Suppose 5*a + 3*a - 648 = 0. Let n(m) = m**3 + 10*m**2 + 2*m + 4. Let j be n(-7). Let l = j - a. What are the prime factors of l?
2, 7
Let f(r) = r**3 + 6*r**2 - 9*r - 45. What are the prime factors of f(9)?
3, 11
Let i = 189 - 78. Let j be ((-22)/6 + 4)*i. Let o = 8 + j. What are the prime factors of o?
3, 5
Let x(d) = 4*d**2 + 2*d - d - 7 + d**3 + 5. Let k be x(-3). Suppose -4*u + 6*i + 212 = i, 3*i = k*u - 212. What are the prime factors of u?
53
Suppose -210 = -2*c + 152. What are the prime factors of c?
181
Let d = -25 + -1. Let w = 54 + d. List the prime factors of w.
2, 7
Suppose -2*n = -64 + 8. Let j be 2 + n*(1 + 0). Suppose 5*l - 5 - j = 0. What are the prime factors of l?
7
Suppose -2*d + 7 = i, 2*i = 6*i - 2*d - 8. Suppose -68 = -g + i*s, -3*s - 134 - 230 = -5*g. What are the prime factors of g?
2, 37
Let i be -1 - (3/6 + -1)*2. Let n(x) = -x + x + x + 11. List the prime factors of n(i).
11
Let h = -1172 - -2397. What are the prime factors of h?
5, 7
Let f be (-3)/((-2)/((-32)/(-12))). Suppose 0*z - f*z - 4*v = -332, v + 352 = 4*z. What are the prime factors of z?
3, 29
Let u(a) = -197*a - 6. What are the prime factors of u(-3)?
3, 5, 13
Let g be (-23)/(-161) - (1 + 50/7). What are the prime factors of -183*g/60*5?
2, 61
Let i(d) = -d**3 + 9*d**2 + 12*d - 10. Let f be i(10). Suppose 0*h - 5*h + f = 0. Suppose -x - 21 = -h*x. List the prime factors of x.
3, 7
Let x be (-4 - (0 + -3)) + 74. Suppose 0 = -3*n - x + 184. What are the prime factors of n?
37
Let f(x) = -65*x + 2. Let u = 12 + -14. Let a be f(u). Suppose -2*k - 2*k = -a. What are the prime factors of k?
3, 11
What are the prime factors of (-7)/(-14) + (-2289)/(-6)?
2, 191
Let p(c) = -2*c - 8. Let n be p(-5). Let u(h) = 8 + 12 - h + n*h - 6. List the prime factors of u(11).
5
Suppose 3*g - 15 = 2*m - 0*m, 3 = -2*g - 3*m. Suppose 5*h = 15, -3*l = -l + h - g. Suppose l = 2*q - 7*q + 65. What are the prime factors of q?
13
Let q be 40/(-10)*6/(-8). Suppose 3*o - t = 143, 2*t - 2 - 48 = -o. Suppose q*f - o = 63. List the prime factors of f.
37
Let g = -183 - -327. What are the prime factors of g?
2, 3
Suppose -106*h + 174 = -104*h. List the prime factors of h.
3, 29
Suppose -4*k + 3*x = -12, -2*x - 3*x + 9 = 3*k. Let p(h) = 2*h**2 - 2*h**2 + 6*h**3 + 38*h**k - h + 2*h**2. List the prime factors of p(1).
3, 5
Let n = 495 + -342. Suppose -2*s + 5*s = n. List the prime factors of s.
3, 17
Let z = 83 - 143. Let w = -37 - z. What are the prime factors of w?
23
Let f = 1 + -2. Let p be f - -6 - (-2)/(-2). What are the prime factors of (6 - p) + 33/3?
13
What are the prime factors of (-397)/(-2)*7*18/63?
397
Let r(z) = -7*z - 9. Let y = -25 + 15. List the prime factors of r(y).
61
Suppose -8*z - 225 = -25. Suppose -2*i - i = -36. List the prime factors of (-30)/z*(-2 + i).
2, 3
Let q(v) = v**3 + 7*v**2 + 7*v. Let g(d) be the third derivative of -d**5/60 + d**4/24 + d**3/6 + 3*d**2. Let y be g(-2). List the prime factors of q(y).
3, 5
Suppose -9*h + 4*h - 12909 = -3*s, 0 = 2*h. List the prime factors of s.
13, 331
Let t(z) = -z**2 - 15*z - 26. Suppose -i = f + 10, 2*f = -4*i + f - 43. What are the prime factors of t(i)?
2, 3
Suppose -10*f + 20 = -8*f. What are the prime factors of f?
2, 5
Let t = 6 + -11. Let x = -1 - t. Suppose 2*r - 39 = o, 4*r - x*o - 139 + 59 = 0. List the prime factors of r.
19
Let q(b) = -28*b + 43. List the prime factors of q(-10).
17, 19
Suppose -13 = -4*j + l, 3*j = 4*j - 5*l - 27. Suppose 5*q + 34 = j*u, -14 = 6*q - 3*q + 2*u. List th